tors of 34189.
179, 191
What are the prime factors of 9344135?
5, 17, 211, 521
List the prime factors of 1550165.
5, 389, 797
What are the prime factors of 5859371?
7, 197, 607
List the prime factors of 1349052.
2, 3, 17, 389
What are the prime factors of 87906?
2, 3, 7, 13, 23
List the prime factors of 459260.
2, 5, 22963
List the prime factors of 5849842.
2, 2924921
List the prime factors of 122528.
2, 7, 547
What are the prime factors of 23974855?
5, 23, 163, 1279
List the prime factors of 525295.
5, 31, 3389
List the prime factors of 27357421.
7, 13, 300631
List the prime factors of 1024128.
2, 3, 7, 127
List the prime factors of 1236021.
3, 412007
What are the prime factors of 627927?
3, 37, 5657
What are the prime factors of 24061?
24061
List the prime factors of 16833160.
2, 5, 179, 2351
What are the prime factors of 35066158?
2, 37, 473867
List the prime factors of 205665.
3, 5, 13711
What are the prime factors of 2912997?
3, 970999
What are the prime factors of 954271?
691, 1381
What are the prime factors of 438706?
2, 219353
What are the prime factors of 806001?
3, 7, 5483
What are the prime factors of 534115?
5, 106823
What are the prime factors of 4946526?
2, 3, 13, 21139
What are the prime factors of 10781633?
2791, 3863
What are the prime factors of 724783?
724783
What are the prime factors of 600521?
67, 8963
What are the prime factors of 161861?
7, 19, 1217
List the prime factors of 163456.
2, 1277
List the prime factors of 6406793.
6406793
What are the prime factors of 101252?
2, 17, 1489
What are the prime factors of 6135?
3, 5, 409
List the prime factors of 61984.
2, 13, 149
What are the prime factors of 3331744?
2, 13, 8009
What are the prime factors of 11261379?
3, 3753793
List the prime factors of 13780095.
3, 5, 7, 37, 3547
What are the prime factors of 2095585?
5, 113, 3709
List the prime factors of 659262.
2, 3, 19, 5783
List the prime factors of 783639.
3, 87071
List the prime factors of 191538.
2, 3, 3547
What are the prime factors of 6892307?
19, 362753
List the prime factors of 320788.
2, 13, 31, 199
List the prime factors of 546175.
5, 7, 3121
List the prime factors of 411828.
2, 3, 34319
What are the prime factors of 1999746?
2, 3, 7, 59, 269
What are the prime factors of 3794890?
2, 5, 11, 34499
What are the prime factors of 248914?
2, 17, 7321
List the prime factors of 17730713.
7, 11, 13, 17713
List the prime factors of 301405.
5, 13, 4637
List the prime factors of 9682232.
2, 7, 41, 4217
What are the prime factors of 1285689?
3, 428563
List the prime factors of 11211233.
11, 863, 1181
What are the prime factors of 9392401?
2663, 3527
What are the prime factors of 2946825?
3, 5, 7, 1871
What are the prime factors of 359027?
359027
List the prime factors of 742267.
727, 1021
List the prime factors of 2411207.
2411207
What are the prime factors of 15871681?
7, 2267383
List the prime factors of 2235210.
2, 3, 5, 74507
What are the prime factors of 8312205?
3, 5, 11, 50377
What are the prime factors of 9992?
2, 1249
What are the prime factors of 59599?
107, 557
List the prime factors of 1713520.
2, 5, 21419
List the prime factors of 16611.
3, 7, 113
List the prime factors of 4743.
3, 17, 31
What are the prime factors of 14999676?
2, 3, 353, 3541
What are the prime factors of 5863819?
13, 71, 6353
List the prime factors of 4531067.
349, 12983
List the prime factors of 2643944.
2, 167, 1979
List the prime factors of 600810.
2, 3, 5, 7, 2861
List the prime factors of 451158.
2, 3, 75193
What are the prime factors of 11510082?
2, 3, 163, 3923
What are the prime factors of 17261538?
2, 3, 7, 19, 97, 223
What are the prime factors of 2401?
7
List the prime factors of 302671.
313, 967
List the prime factors of 6938650.
2, 5, 73, 1901
What are the prime factors of 210782?
2, 11, 13, 67
List the prime factors of 167803.
31, 5413
List the prime factors of 11465080.
2, 5, 11, 71, 367
List the prime factors of 503418.
2, 3, 83903
What are the prime factors of 128104?
2, 67, 239
What are the prime factors of 6642378?
2, 3, 123007
List the prime factors of 17069991.
3, 761, 7477
What are the prime factors of 526826?
2, 241, 1093
What are the prime factors of 593895?
3, 5, 17, 137
What are the prime factors of 3659303?
3659303
List the prime factors of 2537363.
2537363
List the prime factors of 34693362.
2, 3, 11, 17, 937
What are the prime factors of 23539?
23539
List the prime factors of 972086.
2, 486043
What are the prime factors of 2306067?
3, 17, 103, 439
What are the prime factors of 480975?
3, 5, 11, 53
What are the prime factors of 12204779?
103, 118493
List the prime factors of 372278.
2, 23, 8093
List the prime factors of 14571.
3, 1619
What are the prime factors of 717530?
2, 5, 11, 593
What are the prime factors of 66421?
127, 523
What are the prime factors of 14400640?
2, 5, 22501
What are the prime factors of 7636860?
2, 3, 5, 7, 11, 19, 29
What are the prime factors of 5749488?
2, 3, 13309
List the prime factors of 3192570.
2, 3, 5, 19, 1867
List the prime factors of 65540.
2, 5, 29, 113
What are the prime factors of 6326976?
2, 3, 31, 1063
What are the prime factors of 695226?
2, 3, 7, 16553
List the prime factors of 13604950.
2, 5, 19, 14321
What are the prime factors of 287437?
287437
List the prime factors of 3043562.
2, 1521781
List the prime factors of 200676.
2, 3, 7, 2389
List the prime factors of 1663089.
3, 19, 163, 179
What are the prime factors of 15563044?
2, 7, 555823
What are the prime factors of 372573?
3, 13799
List the prime factors of 1061273.
1061273
List the prime factors of 3878374.
2, 1939187
List the prime factors of 244805.
5, 11, 4451
List the prime factors of 11247186.
2, 3, 29, 37, 1747
List the prime factors of 4761227.
491, 9697
List the prime factors of 1007264.
2, 31477
List the prime factors of 956560.
2, 5, 11, 1087
List the prime factors of 587978.
2, 293989
List the prime factors of 64918.
2, 7, 4637
What are the prime factors of 7743126?
2, 3, 17, 75913
What are the prime factors of 217946?
2, 59, 1847
What are the prime factors of 67093?
13, 397
List the prime factors of 4909145.
5, 757, 1297
List the prime factors of 23832356.
2, 5958089
What are the prime factors of 415602?
2, 3, 11, 2099
What are the prime factors of 390804?
2, 3, 29, 1123
What are the prime factors of 23778550?
2, 5, 23, 29, 31
What are the prime factors of 253256?
2, 31657
List the prime factors of 360888.
2, 3, 11, 1367
List the prime factors of 14226239.
14226239
What are the prime factors of 894736?
2, 55921
List the prime factors of 14298.
2, 3, 2383
What are the prime factors of 171474?
2, 3, 28579
List the prime factors of 337351.
7, 48193
What are the prime factors of 121630?
2, 5, 12163
What are the prime factors of 289993?
11, 41, 643
List the prime factors of 1058952.
2, 3, 44123
What are the prime factors of 250937?
17, 29, 509
What are the prime factors of 76910?
2, 5, 7691
What are the prime factors of 21546479?
509, 42331
List the prime factors of 10026645.
3, 5, 521, 1283
What are the prime factors of 105399?
3, 7, 239
What are the prime factors of 6599737?
523, 12619
List the prime factors of 685969.
685969
What are the prime factors of 13100499?
3, 191, 7621
List the prime factors of 692141.
692141
What are the prime factors of 1336594?
2, 7, 95471
List the prime factors of 1127427.
3, 7, 37, 1451
What are the prime factors of 1237682?
2, 618841
What are the prime factors of 6803353?
31, 219463
List the prime factors of 3396149.
3396149
What are the prime factors of 2556412?
2, 19, 33637
What are the prime factors of 532192?
2, 16631
List the prime factors of 1099193.
23, 47791
List the prime factors of 441398.
2, 220699
What are the prime factors of 23334?
2, 3, 3889
What are the prime factors of 577473?
3, 13, 17, 67
List the prime factors of 119266.
2, 7, 1217
What are the prime factors of 20448966?
2, 3, 3408161
List the prime factors of 698531.
698531
What are the prime factors of 780852?
2, 3, 65071
What are the prime factors of 835869?
3, 278623
List the prime factors of 1398814.
2, 23, 47, 647
What are the prime factors of 16353392?
2, 11, 8447
List the prime factors of 278981.
278981
What are the prime factors of 13554418?
2, 6777209
List the prime factors of 738231.
3, 13,